 by 20121?
80
Calculate the remainder when 435639 is divided by 623.
162
Calculate the remainder when 660728819 is divided by 5612.
5611
What is the remainder when 74105127 is divided by 1338?
1335
What is the remainder when 18283157 is divided by 3841?
3838
Calculate the remainder when 348091 is divided by 173894.
303
What is the remainder when 9868062 is divided by 1819?
1806
Calculate the remainder when 6110121 is divided by 763763.
17
Calculate the remainder when 118583690 is divided by 1718604.
14
What is the remainder when 28276 is divided by 3637?
2817
Calculate the remainder when 12495542 is divided by 81.
77
What is the remainder when 3288729 is divided by 1643996?
737
What is the remainder when 2402134 is divided by 2402128?
6
Calculate the remainder when 348148146 is divided by 1909.
1907
Calculate the remainder when 20628046 is divided by 3504.
3502
What is the remainder when 75033255 is divided by 6636?
3
What is the remainder when 1156270 is divided by 26850?
1720
What is the remainder when 72214 is divided by 8709?
2542
Calculate the remainder when 156239 is divided by 12017.
18
What is the remainder when 362932 is divided by 19026?
1438
Calculate the remainder when 1314738 is divided by 52.
22
What is the remainder when 597086 is divided by 409?
355
Calculate the remainder when 9934481 is divided by 7872.
17
What is the remainder when 38385 is divided by 504?
81
Calculate the remainder when 453845 is divided by 26482.
3651
Calculate the remainder when 49335568 is divided by 16445162.
82
Calculate the remainder when 13332222 is divided by 58.
52
What is the remainder when 226604 is divided by 440?
4
Calculate the remainder when 2331673 is divided by 3993.
3754
Calculate the remainder when 61188 is divided by 61057.
131
What is the remainder when 37793406 is divided by 60?
6
Calculate the remainder when 2473705 is divided by 1135.
540
What is the remainder when 254854 is divided by 31753?
830
Calculate the remainder when 118569 is divided by 29572.
281
Calculate the remainder when 31443565 is divided by 9.
4
What is the remainder when 3222133 is divided by 191?
154
Calculate the remainder when 773588 is divided by 40711.
79
What is the remainder when 9527205 is divided by 793933?
9
Calculate the remainder when 2448998 is divided by 2604.
1238
What is the remainder when 1997915 is divided by 455?
10
What is the remainder when 17537011 is divided by 479?
342
What is the remainder when 119463851 is divided by 1855?
1851
What is the remainder when 42315 is divided by 2633?
187
Calculate the remainder when 2623637 is divided by 708.
497
Calculate the remainder when 38519 is divided by 840.
719
What is the remainder when 405597 is divided by 15?
12
What is the remainder when 555526 is divided by 6679?
1169
What is the remainder when 4701075 is divided by 30525?
225
What is the remainder when 5222330 is divided by 151?
146
Calculate the remainder when 1655572 is divided by 413881.
48
Calculate the remainder when 391577 is divided by 102.
101
What is the remainder when 658840 is divided by 14911?
2756
What is the remainder when 190574 is divided by 794?
14
What is the remainder when 63335 is divided by 20986?
377
Calculate the remainder when 1588862 is divided by 158.
14
What is the remainder when 7776554 is divided by 880?
874
Calculate the remainder when 2634968 is divided by 29.
28
Calculate the remainder when 9744143 is divided by 2017.
16
What is the remainder when 129932 is divided by 20551?
6626
Calculate the remainder when 626974 is divided by 10437.
754
What is the remainder when 556168 is divided by 110504?
3648
Calculate the remainder when 8114004 is divided by 55.
19
Calculate the remainder when 284062687 is divided by 185.
182
What is the remainder when 1267062 is divided by 126706?
2
Calculate the remainder when 10719 is divided by 4975.
769
What is the remainder when 121898 is divided by 687?
299
Calculate the remainder when 133248333 is divided by 66624162.
9
What is the remainder when 128158582 is divided by 1467?
1462
Calculate the remainder when 1048349 is divided by 1945.
1939
What is the remainder when 53829583 is divided by 29?
15
Calculate the remainder when 39044638 is divided by 26.
22
What is the remainder when 315847 is divided by 390?
337
What is the remainder when 82392 is divided by 20143?
1820
What is the remainder when 19825350 is divided by 41?
5
What is the remainder when 685447 is divided by 674?
663
Calculate the remainder when 85995 is divided by 27317.
4044
Calculate the remainder when 133567 is divided by 236.
227
What is the remainder when 24167 is divided by 7913?
428
Calculate the remainder when 272359 is divided by 30106.
1405
Calculate the remainder when 899684 is divided by 24.
20
Calculate the remainder when 380607 is divided by 189137.
2333
What is the remainder when 121609 is divided by 44?
37
Calculate the remainder when 1216869 is divided by 243372.
9
What is the remainder when 470338 is divided by 3761?
213
Calculate the remainder when 11027 is divided by 198.
137
Calculate the remainder when 3817877 is divided by 527.
289
Calculate the remainder when 2719322 is divided by 1359550.
222
Calculate the remainder when 1937559 is divided by 645850.
9
Calculate the remainder when 501844 is divided by 236.
108
What is the remainder when 3100634 is divided by 6069?
5444
Calculate the remainder when 17561419 is divided by 111.
109
Calculate the remainder when 381734953 is divided by 174.
7
Calculate the remainder when 8867393 is divided by 3140.
33
What is the remainder when 586515 is divided by 146624?
19
What is the remainder when 1922538 is divided by 523?
513
Calculate the remainder when 28427986 is divided by 1906.
1902
Calculate the remainder when 8946797 is divided by 2236695.
17
Calculate the remainder when 46640 is divided by 23115.
410
Calculate the remainder when 238582 is divided by 29056.
6134
What is the remainder when 548229 is divided by 1374?
3
Calculate the remainder when 131232 is divided by 2525.
2457
Calculate the remainder when 42257 is divided by 3814.
303
What is the remainder when 970512 is divided by 161?
4
What is the remainder when 121950 is divided by 5301?
27
What is the remainder when 3100759 is divided by 19?
16
What is the remainder when 90474522 is divided by 25?
22
What is the remainder when 27049602 is divided by 1567?
48
What is the remainder when 400372234 is divided by 3366?
3364
Calculate the remainder when 2672413 is divided by 38.
25
What is the remainder when 2035373 is divided by 508843?
1
Calculate the remainder when 154137092 is divided by 2651.
2650
Calculate the remainder when 475814 is divided by 22.
20
What is the remainder when 17100 is divided by 8147?
806
What is the remainder when 24805 is divided by 881?
137
Calculate the remainder when 3821273 is divided by 226.
65
Calculate the remainder when 114658215 is divided by 11465821.
5
Calculate the remainder when 111734 is divided by 7979.
28
Calculate the remainder when 1020252 is divided by 102013.
122
Calculate the remainder when 49348222 is divided by 26291.
15
Calculate the remainder when 2266753 is divided by 543.
271
What is the remainder when 53753 is divided by 2143?
178
What is the remainder when 2161122 is divided by 1813?
26
What is the remainder when 281389 is divided by 49?
31
What is the remainder when 413403707 is divided by 610?
607
What is the remainder when 88877 is divided by 87828?
1049
What is the remainder when 4232920 is divided by 1936?
824
Calculate the remainder when 1733378 is divided by 577649.
431
What is the remainder when 30087 is divided by 1476?
567
What is the remainder when 561348751 is divided by 21?
19
Calculate the remainder when 204901 is divided by 2594.
2569
What is the remainder when 1933701 is divided by 1249?
249
What is the remainder when 3108812 is divided by 433?
305
What is the remainder when 425233 is divided by 996?
937
What is the remainder when 17871508 is divided by 388511?
2
What is the remainder when 367531 is divided by 3749?
129
What is the remainder when 208059 is divided by 9405?
1149
Calculate the remainder when 743082 is divided by 65.
2
What is the remainder when 4913 is divided by 2509?
2404
Calculate the remainder when 3194405 i